6, -2*j - 10 = 0. What are the prime factors of v?
5, 293
Let q(h) be the second derivative of 2*h**5/5 - h**3/6 + h**2/2 + 29*h. Let f = 0 + 2. What are the prime factors of q(f)?
3, 7
Suppose 0*c - 25 = -5*c. Let h = c - 2. List the prime factors of 28/1 - h/1.
5
Let r = -12 - -14. Suppose p = r*p - 20. Suppose 15*f - p = 13*f. List the prime factors of f.
2, 5
Let z(y) = y**3 - 9*y**2 + 7*y + 10. Let j be z(8). Suppose 5*i + s - 539 = 0, 0*i = 2*i + j*s - 222. What are the prime factors of i?
107
Suppose 4*s = 2*s + 4. Suppose 0 = -3*p, -3*p = s*c + 2*p - 4. Suppose -4 = -b, -8 - 48 = -4*u + c*b. List the prime factors of u.
2
Let d = 24 - 20. Suppose -p = d*o + 11 + 3, -2 = -2*o. Let k = p - -25. What are the prime factors of k?
7
Suppose 5*y + 45 = 4*w, -4*w - 5 = -2*w + 3*y. Suppose 4*a + 104 = v, -w*v = 3*a + a - 616. What are the prime factors of v?
2, 3, 5
What are the prime factors of 1248/728 - (-480)/14?
2, 3
Let g(j) = -3*j**3 + 4*j**2 + 6*j + 2. Let r(w) = -w**3 + w**2 + w + 1. Let q(k) = -g(k) + 2*r(k). List the prime factors of q(5).
5, 11
Let x = 2218 - 882. List the prime factors of x.
2, 167
Let p = -719 + 1154. List the prime factors of p.
3, 5, 29
Suppose 3*b - 2*b + 478 = 3*g, 624 = 4*g + 2*b. Let a = -90 + g. What are the prime factors of a?
2, 17
Suppose 0 = 5*w + 2*k - 309, 114 + 63 = 3*w + 4*k. Suppose -4*p = 12, -4*z - w = -6*z + 5*p. What are the prime factors of z?
2, 3
Suppose 4*c = x + 20, -3*x + 2*c = 2*x + 118. Let j = x - -25. Suppose -f + j + 4 = 0. List the prime factors of f.
5
Let z = -1539 - -2229. List the prime factors of z.
2, 3, 5, 23
Suppose 4*q - 27*d = -32*d + 4854, -3*d + 4858 = 4*q. What are the prime factors of q?
2, 19
Let r be (-2)/((-24)/9) + (-4410)/(-8). What are the prime factors of (6/(-9) - -1)/(4/r)?
2, 23
Suppose 0 = 6*s - 7*s. Suppose -2*x - 2*x - 16 = s. List the prime factors of x/(-3*4/36).
2, 3
Suppose 0 = 4*t - 2*g, -5*t + 2*t - 4*g = -22. Suppose n = -5*h + 76, -t*n = 2*n + 4*h - 304. What are the prime factors of n?
2, 19
Let l = 9 - 6. Suppose 5*k = 10, 3*a + 3*k - 18 = l. Suppose -5*j = a*c - 130, 2*j - 2*c - 67 = c. What are the prime factors of j?
29
Suppose 12*s + 7*s - 13471 = 0. What are the prime factors of s?
709
Suppose 2*a = -3*v - 640 + 2592, -v + 2 = 0. What are the prime factors of a?
7, 139
What are the prime factors of ((-1840)/(-6))/(-4)*(-7 - -4)?
2, 5, 23
Let r = -50 + 47. List the prime factors of ((-10)/r)/((-375)/126 + 3).
2, 5, 7
Let b be ((-12)/8 + 0 + 2)*58. Suppose -215 + b = -3*n. List the prime factors of n.
2, 31
Let l be 8/16*(0 - 214) + 2. Let g = 153 + l. List the prime factors of g.
2, 3
Let g = -950 + 1571. List the prime factors of g.
3, 23
Suppose 2754 = 11*i + 6*i. List the prime factors of i.
2, 3
Let q be (-1 - 112/(-20)) + (-6)/10. Suppose 4*m = -q*m + 1296. List the prime factors of m.
2, 3
Let s(j) = -j**3 + 4*j**2 + 6*j - 2. Let a(f) = f - 1. Let w be a(6). Let z be s(w). Let n(c) = c**2 + 5*c - 3. List the prime factors of n(z).
3, 7
Let r be (-2)/(-1) - 27/(-3). Suppose r*i - 13*i = 0. Suppose 3*y - 7*y + 296 = i. List the prime factors of y.
2, 37
Let f(h) = 3*h**2 + 9*h - 16. Suppose -11*t = -6*t - 20. What are the prime factors of f(t)?
2, 17
Let n = 1288 - 746. What are the prime factors of n?
2, 271
Suppose -2*m = -8, 0 = 7*u - 4*u - 3*m - 5184. List the prime factors of u.
2, 433
Suppose 8*h + 47*h - 195855 = 0. List the prime factors of h.
3, 1187
Let t(h) = -13*h + 16 + 31*h + 19*h + 5*h. List the prime factors of t(2).
2, 5
Let z = 28 + -13. Let l(x) = x**3 - 2*x + 2. Let d be l(2). Suppose 2*r - 2*y = 24, y - z = d*y. List the prime factors of r.
3
Let u = -1644 - -1038. List the prime factors of (u/(-9))/((20/(-18))/(-5)).
3, 101
Let s(y) = -y + 9. Let x = 20 + -14. Suppose -41 = 5*p - x. List the prime factors of s(p).
2
Let u(w) = -40*w + 8. List the prime factors of u(-8).
2, 41
Let w be (-3)/10*-34 - (-2)/(-10). List the prime factors of (65/w - 2)*28.
2, 3, 7
Let d(j) = j**3 + 18*j**2 - 106*j + 3. What are the prime factors of d(-17)?
2, 3, 349
Suppose 4*z - 64 = -3*d, 10*z - 5*d - 80 = 5*z. Suppose -7*v = -9*v + z. What are the prime factors of v?
2
Suppose -4*r + 364 - 90 = 5*v, r - 5*v = 56. Suppose -q = q - r. Let c = q + -2. List the prime factors of c.
31
Let z = -22 + 13. Let b = 363 - 383. Let p = z - b. List the prime factors of p.
11
Let n(m) = -m**3 - 2*m**2 + m + 2. Let b be n(2). Suppose x = -3*f + 18, 2*x - 3*x + 2*f = -13. Let q = x - b. What are the prime factors of q?
3
Let x(u) = -u**3 + 14*u**2 - 7*u - 3. Let c = -11 + 24. List the prime factors of x(c).
3, 5
Let t(s) = 71*s**2 + 3*s + 4. List the prime factors of t(-1).
2, 3
Suppose 46 + 36 = 2*u. List the prime factors of 2 + (u - (2 - 0)).
41
Let o be (1 - 1)*(-10)/20. Suppose 0 = -3*q - q + 4*c + 68, 2*q + 4*c - 46 = o. Let r = q + -3. List the prime factors of r.
2
Let y = -43 + 17. Let p be ((-6)/2)/(13/y). Suppose f - p*f = -70. List the prime factors of f.
2, 7
Suppose 18 = -g + 7*g. What are the prime factors of (140/16 - g)/(3/12)?
23
Suppose 705 = 7*a - 121. Let o = a - 100. What are the prime factors of o?
2, 3
Let x(h) = h**3 - 23*h**2 - 16*h - 52. List the prime factors of x(24).
2, 5, 7
Suppose -5*b + z = -9*b + 1136, 0 = 5*b - 2*z - 1433. What are the prime factors of b?
3, 5, 19
Suppose 5*i + 24 = -221. Let d = 17 - i. List the prime factors of d.
2, 3, 11
Suppose -d + 20 = -21. Suppose 124 = 3*v - 2*i, 170 + d = 5*v + i. List the prime factors of v.
2, 3, 7
Suppose -10*q = -12*q + 24. Let y = 29 + q. Let z = 102 - y. What are the prime factors of z?
61
Suppose 10 = 5*w + 5*s, 2*s + 0*s = 2*w - 16. Suppose 6*z = w*z + 97. List the prime factors of z.
97
Suppose -1678 = -16*d - 126. List the prime factors of d.
97
Let j(o) = -o - 1. Suppose 6*n + 5 = n. Let s be j(n). What are the prime factors of (s - 2)*(-6)/4?
3
Suppose -1 = -4*v + 31. Let p = v + 15. Let m = p + 6. What are the prime factors of m?
29
Let x(y) = 32*y - 120. What are the prime factors of x(8)?
2, 17
List the prime factors of ((-14)/(-28))/(2/1604).
401
Suppose 2055 = 5*l + 4*u, 3*l = 3*u - 8 + 1214. What are the prime factors of l?
11, 37
Let o(f) = -41*f - 106. What are the prime factors of o(-19)?
673
Let u(i) = -2*i - 4*i - 769*i**2 + 770*i**2 - 16 + i**3 - 2*i**3. List the prime factors of u(-5).
2, 41
Let j be 2 + 1 + -3 + 105. Suppose 5*o = -0*o - j. List the prime factors of (o/15 + 1)*-50.
2, 5
Suppose 0 = -2*h - f + 5, 0 = 5*h + 3*f - 13 - 2. Suppose -u = -i - 2*u + 53, h = 3*i - 2*u - 144. What are the prime factors of i?
2, 5
Let f = 820 - 90. What are the prime factors of f?
2, 5, 73
Let v(j) = -j**2 - 7*j - 11. Let l be v(-5). Let o(g) = -37*g**3 - 3*g - 2. List the prime factors of o(l).
2, 19
Let y be 102/15 + 8/(-10). Suppose y*r + 42 = 2*j + r, r + 24 = j. List the prime factors of j.
2, 13
Suppose 996 = 5*i - 2449. List the prime factors of i.
13, 53
Let u = -98 - -102. Let w = 10 + -7. Suppose -w*z - z + 116 = -4*x, -3*x = u*z - 95. List the prime factors of z.
2, 13
Let f(v) = -113*v**3 - v. Let h be f(-1). Let z = 245 - h. What are the prime factors of z?
131
Suppose -4*g + 6 + 2 = 0. Suppose p + 3*s + 9 = 0, -7*s = -3*p - g*s + 15. List the prime factors of 2/(p + -2) - -44.
43
Let n be (119*-1)/(3 + -2). Let k be n + -1 + 0/3. List the prime factors of -28*6/(k/35).
7
Let z = -349 - -803. List the prime factors of z.
2, 227
Suppose 3*n - 2*y - 6059 = 0, -3*n = -y - 6388 + 324. What are the prime factors of n?
7, 17
Let i be ((-10)/20)/(1/(-30)). Suppose 405 = i*x - 1410. What are the prime factors of x?
11
Let b = -20 + -1. Let u be (826/b)/(2/(-3)). Suppose -u - 28 = -3*p. What are the prime factors of p?
29
Suppose -14034 = -8*t + 2*t. List the prime factors of t.
2339
Let m = -2 - -5. Let u be 30/4*-2*(-3)/9. List the prime factors of u - (0 + (-9)/m).
2
Let v(g) = -g**2 + 7*g. Suppose -9*t + 5*t = 3*f - 21, -3*t = 2*f - 16. Let y be v(t). Suppose -y*b = -2*b - 12. What are the prime factors of b?
3
Suppose -4*x - 4 + 4 = 0. Suppose -5*n + x*n - 2*j + 1013 = 0, -2*n + 407 = -j. What are the prime factors of n?
7, 29
Let j(d) = -d**2 + 2*d - 3. Let h be j(3). Let i be 3*1/h*-8. Suppose 0 = -i*q + 20, -o + 3*q + 15 + 9 = 0. What are the